factor of 47778?
False
Is 13 a factor of 118?
False
Is 93342 a multiple of 216?
False
Does 4 divide 766?
False
Does 16 divide 2752?
True
Is 19 a factor of 1003?
False
Is 7 a factor of 28?
True
Is 347 a multiple of 9?
False
Is 22 a factor of 3355?
False
Is 40 a factor of 28760?
True
Is 1606 a multiple of 14?
False
Is 15 a factor of 34587?
False
Is 35 a factor of 19471?
False
Is 8 a factor of 160?
True
Is 2 a factor of 228?
True
Does 4 divide 1268?
True
Is 51 a factor of 969?
True
Is 88 a multiple of 4?
True
Is 1482 a multiple of 19?
True
Is 517 a multiple of 11?
True
Is 3096 a multiple of 24?
True
Does 8 divide 218?
False
Does 24 divide 144?
True
Does 15 divide 133?
False
Is 14762 a multiple of 29?
False
Is 90 a factor of 15300?
True
Does 25 divide 42350?
True
Does 96 divide 8522?
False
Is 378 a multiple of 6?
True
Is 57 a factor of 570?
True
Does 7 divide 82?
False
Does 30 divide 46?
False
Does 19 divide 493?
False
Is 5932 a multiple of 15?
False
Does 36 divide 4092?
False
Does 56 divide 832?
False
Is 7640 a multiple of 191?
True
Is 82 a factor of 2870?
True
Does 47 divide 1269?
True
Does 36 divide 3818?
False
Is 34 a factor of 68?
True
Is 92082 a multiple of 50?
False
Is 42 a factor of 41725?
False
Is 122 a multiple of 2?
True
Is 19665 a multiple of 171?
True
Is 74 a factor of 1884?
False
Is 15212 a multiple of 22?
False
Does 16 divide 3280?
True
Is 201 a multiple of 22?
False
Is 3 a factor of 27783?
True
Is 62 a factor of 13888?
True
Does 58 divide 54011?
False
Is 2546 a multiple of 31?
False
Is 4 a factor of 210?
False
Is 138 a factor of 39882?
True
Is 20252 a multiple of 122?
True
Is 7 a factor of 7287?
True
Does 10 divide 1825?
False
Is 7926 a multiple of 6?
True
Is 546 a multiple of 13?
True
Is 768 a multiple of 6?
True
Is 17109 a multiple of 2?
False
Is 11 a factor of 64218?
True
Is 14579 a multiple of 5?
False
Does 15 divide 1590?
True
Is 69394 a multiple of 26?
True
Does 14 divide 104278?
False
Is 154548 a multiple of 159?
True
Does 121 divide 9075?
True
Is 22 a factor of 1034?
True
Is 2286 a multiple of 9?
True
Does 15 divide 2745?
True
Does 127 divide 2667?
True
Is 2 a factor of 144?
True
Does 70 divide 630?
True
Is 10 a factor of 30629?
False
Does 28 divide 8428?
True
Is 23 a factor of 36?
False
Is 25 a factor of 24425?
True
Does 10 divide 734?
False
Does 14 divide 6972?
True
Is 60 a factor of 12840?
True
Is 13197 a multiple of 95?
False
Is 19 a factor of 969?
True
Does 118 divide 674?
False
Does 55 divide 272?
False
Is 41 a factor of 19803?
True
Does 21 divide 704?
False
Is 11 a factor of 5170?
True
Is 1710 a multiple of 5?
True
Is 2124 a multiple of 59?
True
Is 665 a multiple of 47?
False
Does 6 divide 11313?
False
Is 21 a factor of 7974?
False
Is 1035 a multiple of 45?
True
Does 16 divide 256?
True
Is 2880 a multiple of 44?
False
Is 7332 a multiple of 21?
False
Is 242 a multiple of 8?
False
Is 1598 a multiple of 94?
True
Is 8 a factor of 339?
False
Is 29 a factor of 1128?
False
Does 66 divide 458?
False
Is 513 a multiple of 57?
True
Does 14 divide 4760?
True
Is 249 a multiple of 42?
False
Is 80 a factor of 1230?
False
Is 128 a factor of 10705?
False
Does 3 divide 1089?
True
Does 7 divide 168?
True
Is 9 a factor of 53?
False
Does 29 divide 239?
False
Does 5 divide 10?
True
Is 10 a factor of 690?
True
Is 2473 a multiple of 12?
False
Does 5 divide 560?
True
Does 45 divide 969?
False
Is 28580 a multiple of 19?
False
Is 13267 a multiple of 23?
False
Is 10 a factor of 9429?
False
Is 3068 a multiple of 13?
True
Is 1131 a multiple of 15?
False
Does 22 divide 9263?
False
Is 25 a factor of 19775?
True
Is 2673 a multiple of 81?
True
Is 6957 a multiple of 54?
False
Is 92 a factor of 3404?
True
Is 22 a factor of 4114?
True
Is 3013 a multiple of 28?
False
Does 9 divide 1080?
True
Is 93247 a multiple of 173?
True
Is 590 a multiple of 2?
True
Does 16 divide 1024?
True
Is 6 a factor of 189?
False
Is 42 a factor of 1709?
False
Is 2323 a multiple of 101?
True
Is 1675 a multiple of 4?
False
Is 1173 a multiple of 17?
True
Does 7 divide 264?
False
Is 2 a factor of 71?
False
Is 7 a factor of 154?
True
Is 271 a factor of 30352?
True
Is 9 a factor of 57357?
True
Does 12 divide 29856?
True
Is 135 a multiple of 22?
False
Is 24 a factor of 1695?
False
Is 10 a factor of 7214?
False
Is 6001 a multiple of 17?
True
Does 73 divide 2201?
False
Is 64 a factor of 3456?
True
Does 19 divide 1855?
False
Is 756 a multiple of 5?
False
Does 32 divide 1423?
False
Is 3 a factor of 561?
True
Is 1058 a multiple of 60?
False
Does 36 divide 1476?
True
Does 37 divide 830?
False
Is 21 a factor of 756?
True
Is 30 a factor of 16870?
False
Is 5 a factor of 8886?
False
Does 16 divide 637?
False
Does 192 divide 1152?
True
Does 2 divide 130?
True
Does 5 divide 415?
True
Does 5 divide 11819?
False
Is 5613 a multiple of 23?
False
Does 13 divide 1232?
False
Is 14 a factor of 1050?
True
Is 9834 a multiple of 149?
True
Is 8 a factor of 522?
False
Is 3640 a multiple of 28?
True
Is 3 a factor of 9642?
True
Is 41404 a multiple of 22?
True
Does 76 divide 271?
False
Does 7 divide 7056?
True
Is 137 a factor of 10540?
False
Does 5 divide 17105?
True
Does 2 divide 2598?
True
Is 65 a factor of 3155?
False
Does 11 divide 7505?
False
Is 7 a factor of 104109?
False
Does 93 divide 58404?
True
Is 9 a factor of 99?
True
Does 30 divide 598?
False
Does 15 divide 3360?
True
Is 7 a factor of 490?
True
Does 37 divide 5215?
False
Is 81 a factor of 13737?
False
Is 14 a factor of 7417?
False
Does 21 divide 1331?
False
Is 264 a multiple of 4?
True
Is 3797 a multiple of 20?
False
Is 495 a multiple of 5?
True
Does 44 divide 748?
True
Is 13949 a multiple of 37?
True
Is 7 a factor of 392?
True
Is 18 a factor of 3618?
True
Is 29722 a multiple of 99?
False
Is 17 a factor of 917?
False
Does 58 divide 92742?
True
Is 50 a factor of 1750?
True
Does 17 divide 5185?
True
Is 10395 a multiple of 99?
True
Is 2 a factor of 79?
False
Does 112 divide 10142?
False
Is 1959 a multiple of 30?
False
Is 118 even?
True
Is 5976 a multiple of 83?
True
Is 8 a factor of 1624?
True
Is 38 a factor of 418?
True
Is 25 a multiple of 17?
False
Is 1350 a multiple of 25?
True
Does 8 divide 31263?
False
Is 900 a multiple of 150?
True
Does 24 divide 288?
True
Is 60196 a multiple of 142?
False
Is 22 a factor of 3027?
False
Does 14 divide 630?
True
Does 11 divide 11306?
False
Is 610 a multiple of 61?
True
Does 5 divide 1720?
True
Does 14 divide 4270?
True
Is 22 a factor of 440?
True
Is 70 a factor of 1470?
True
Is 6 a factor of 38037?
False
Does 13 divide 1131?
True
Does 5 divide 4940?
True
Is 66 a factor of 2637?
False
Is 124 a multiple of 26?
False
Is 27602 a multiple of 10?
False
Is 116 a factor of 47335?
False
Does 12 divide 840?
True
Is 844 a multiple of 2?
True
Is 1804 a multiple of 11?
True
Is 181 a factor of 8869?
True
Does 19 divide 76?
True
Is 6 a factor of 19632?
True
Is 67773 a multiple of 57?
True
Is 5590 a multiple of 13?
True
Is 10 a factor of 20180?
True
Is 602 a multiple of 7?
True
Is 32 a factor of 44032?
True
Is 35 a factor of 420?
True
Does 6 divide 52?
False
Does 23 divide 9522?
True
Does 58 divide 65?
False
Does 115 divide 52440?
True
Is 144 a factor of 48318?
False
Is 5036 a multiple of 19?
False
Is 414 a multiple of 3?
True
Is 174 a factor of 14268?
True
Does 75 divide 61350?
True
Does 12 divide 2779?
False
Does 41 divide 60500?
False
Is 31 a factor of 15030?
False
Is 5195 a multiple of 114?
False
Does 4 divide 17556?
True
Does 25 divide 703?
False
Does 33 divide 2475?
True
Does 8 divide 3184?
True
Is 16 a factor of 140?
False
Is 2 a factor of 2158?
True
Is 231 a factor of 20273?
False
Does 6 divide 2847?
False
Is 32 a factor of 1280?
True
Is 11183 a multiple of 5?
False
Does 18 divide 1407?
False
Does 48 divide 34080?
True
Does 30 divide 5040?
True
Does 5 divide 220?
True
Is 4 a factor of 762?
False
Is 33440 a multiple of 80?
True
Is 107 a factor of 56351?
False
Does 17 divide 82?
False
Is 34 a factor of 20740?
True
Is 31825 a multiple of 67?
True
Does 13 divide 1768?
True
Is 15 a factor of 2100?
True
Is 1766 a multiple of 27?
False
Is 495 a multiple of 9?
True
Is 29 a factor of 16124?
True
Is 126 a factor of 2268?
True
Is 20925 a multiple of 93?
True
Is 315 a multiple of 45?
True
Is 38 a factor of 8626?
True
Does 14 divid